10 and 90.
90
Calculate the greatest common factor of 230 and 1863.
23
What is the greatest common divisor of 5 and 4?
1
What is the highest common factor of 12 and 84?
12
Calculate the highest common factor of 1192 and 16.
8
Calculate the highest common divisor of 59 and 1003.
59
What is the greatest common divisor of 1492 and 12?
4
What is the greatest common divisor of 240 and 1215?
15
Calculate the greatest common factor of 2200 and 1600.
200
What is the highest common factor of 1060 and 2756?
212
What is the highest common factor of 924 and 1?
1
Calculate the highest common factor of 989 and 430.
43
Calculate the highest common factor of 9688 and 336.
56
What is the greatest common factor of 6 and 95?
1
Calculate the highest common divisor of 10269 and 63.
63
What is the greatest common factor of 533 and 26?
13
Calculate the highest common divisor of 608 and 32.
32
Calculate the greatest common factor of 1870 and 20.
10
What is the greatest common divisor of 66 and 3091?
11
Calculate the highest common factor of 4700 and 25.
25
What is the greatest common divisor of 530 and 901?
53
What is the greatest common factor of 3 and 2217?
3
Calculate the highest common factor of 4797 and 246.
123
What is the highest common factor of 4 and 78?
2
What is the greatest common divisor of 928 and 32?
32
Calculate the highest common divisor of 2530 and 345.
115
Calculate the greatest common divisor of 1768 and 1105.
221
Calculate the highest common factor of 178 and 1157.
89
Calculate the highest common divisor of 995 and 10.
5
Calculate the greatest common divisor of 13622 and 139.
139
What is the highest common divisor of 427 and 61?
61
What is the greatest common factor of 925 and 900?
25
What is the greatest common factor of 2106 and 286?
26
Calculate the highest common factor of 9 and 801.
9
What is the highest common divisor of 1494 and 18?
18
Calculate the greatest common divisor of 248 and 128.
8
What is the highest common divisor of 18 and 234?
18
Calculate the highest common divisor of 49 and 11123.
49
What is the greatest common divisor of 17 and 24667?
17
Calculate the greatest common factor of 684 and 228.
228
Calculate the highest common divisor of 45598 and 14.
14
What is the highest common divisor of 1554 and 148?
74
What is the highest common factor of 10 and 14?
2
Calculate the highest common divisor of 4601 and 86.
43
Calculate the highest common factor of 1710 and 90.
90
Calculate the highest common factor of 33 and 22.
11
What is the greatest common factor of 152 and 57?
19
Calculate the greatest common factor of 105 and 84.
21
What is the highest common divisor of 7 and 91?
7
Calculate the greatest common factor of 16 and 5272.
8
What is the greatest common factor of 100 and 225?
25
What is the greatest common divisor of 85 and 7633?
17
What is the greatest common factor of 429 and 3289?
143
What is the highest common factor of 781 and 284?
71
What is the greatest common factor of 3396 and 12?
12
Calculate the greatest common divisor of 91 and 8.
1
What is the highest common divisor of 157 and 79?
1
What is the greatest common factor of 104 and 1404?
52
What is the greatest common divisor of 756 and 1116?
36
Calculate the highest common divisor of 2694 and 6.
6
Calculate the highest common divisor of 20171 and 46.
23
What is the greatest common divisor of 19111 and 261?
29
What is the highest common divisor of 10 and 75?
5
What is the greatest common factor of 36 and 486?
18
What is the highest common factor of 1261 and 39?
13
What is the greatest common divisor of 3320 and 40?
40
What is the highest common divisor of 1537 and 53?
53
Calculate the greatest common divisor of 52 and 1846.
26
Calculate the highest common factor of 280 and 168.
56
What is the highest common divisor of 11 and 1441?
11
What is the greatest common factor of 90 and 2650?
10
What is the greatest common divisor of 236 and 44?
4
Calculate the greatest common factor of 140 and 1780.
20
What is the highest common factor of 165 and 462?
33
What is the greatest common factor of 49 and 343?
49
What is the highest common divisor of 1 and 2?
1
What is the greatest common divisor of 216 and 4239?
27
What is the highest common divisor of 9 and 29727?
9
What is the greatest common factor of 7 and 1477?
7
Calculate the greatest common factor of 85 and 272.
17
Calculate the highest common factor of 1265 and 2645.
115
What is the greatest common factor of 28 and 161?
7
What is the highest common divisor of 485 and 220?
5
What is the greatest common divisor of 128 and 6464?
64
Calculate the greatest common divisor of 729 and 4293.
81
Calculate the highest common divisor of 1314 and 918.
18
What is the greatest common factor of 10 and 18?
2
What is the greatest common divisor of 96 and 6?
6
What is the greatest common factor of 22355 and 1052?
263
What is the greatest common factor of 11 and 55?
11
Calculate the highest common divisor of 90 and 4230.
90
What is the highest common divisor of 805 and 35?
35
What is the highest common divisor of 156 and 6474?
78
What is the greatest common divisor of 8 and 1640?
8
What is the highest common factor of 3424 and 96?
32
Calculate the greatest common factor of 1352 and 208.
104
What is the greatest common factor of 10 and 6830?
10
Calculate the highest common divisor of 123 and 41.
41
What is the highest common divisor of 15 and 480?
15
Calculate the greatest common divisor of 187 and 11.
11
What is the highest common factor of 20 and 365?
5
What is the greatest common divisor of 1572 and 24?
12
What is the greatest common factor of 50 and 1150?
50
Calculate the greatest common divisor of 21 and 6265.
7
What is the greatest common factor of 297 and 66?
33
Calculate the highest common divisor of 637 and 26.
13
Calculate the highest common divisor of 173160 and 72.
72
What is the highest common factor of 576 and 18?
18
Calculate the greatest common factor of 31 and 651.
31
Calculate the highest common factor of 250 and 150.
50
What is the highest common divisor of 928 and 64?
32
What is the highest common factor of 112 and 512?
16
Calculate the greatest common divisor of 18 and 48.
6
What is the greatest common divisor of 245 and 105?
35
What is the greatest common factor of 92 and 4?
4
Calculate the highest common divisor of 1932 and 108.
12
What is the greatest common factor of 59 and 5723?
59
What is the greatest common divisor of 18 and 9642?
6
What is the highest common factor of 25043 and 1585?
317
Calculate the highest common factor of 19 and 551.
19
What is the highest common factor of 112 and 1022?
14
What is the greatest common divisor of 473 and 44?
11
Calculate the highest common factor of 92 and 8.
4
What is the greatest common factor of 1225 and 105?
35
Calculate the greatest common factor of 112 and 156.
4
Calculate the highest common factor of 45 and 351.
9
What is the highest common factor of 2728 and 22?
22
What is the highest common divisor of 5566 and 121?
121
What is the greatest common divisor of 57 and 152?
19
What is the greatest common factor of 110 and 50?
10
What is the highest common divisor of 10 and 2270?
10
What is the greatest common factor of 7 and 133?
7
Calculate the greatest common divisor of 231 and 441.
21
What is the greatest common factor of 4 and 42288?
4
What is the greatest common factor of 280 and 56?
56
Calculate the greatest common factor of 2 and 11626.
2
Calculate the greatest common divisor of 16 and 362.
2
What is the highest common factor of 20 and 435?
5
What is the highest common factor of 182 and 234?
26
Calculate the highest common divisor of 45 and 240.
15
What is the highest common factor of 25370 and 172?
86
What is the greatest common factor of 11 and 3?
1
What is the highest common divisor of 846 and 18?
18
What is the highest common divisor of 87 and 145?
29
What is the greatest common divisor of 13 and 12597?
13
Calculate the highest common divisor of 81 and 3483.
81
Calculate the highest common factor of 56 and 14.
14
Calculate the highest common divisor of 304 and 144.
16
What is the highest common divisor of 74 and 407?
37
Calculate the greatest common divisor of 342 and 741.
57
Calculate the highest common factor of 24 and 584.
8
What is the greatest common factor